y z.
4
Let k be (2/(-6))/((-2)/12). Suppose f = 3, -d - 2 = -4*f + 7. Suppose -3*n - 78 = -3*s - 0*s, k*s - 47 = d*n. What is the remainder when 122 is divided by s?
29
Let r = -325 + 598. Calculate the remainder when r is divided by 25.
23
Let l be (0 - 4) + 0 + 5. Let n = 11 + l. What is the remainder when 21 is divided by n?
9
Let w = -160 - -263. Calculate the remainder when w is divided by 46.
11
Let b = 16 - -1. Let d(g) = 54*g**2 + 8*g + 2. What is the remainder when d(-1) is divided by b?
14
Let d = -2429 - -2444. What is the remainder when 145 is divided by d?
10
Suppose -3*w - 8*z + 90 = -5*z, -z = 3*w - 94. What is the remainder when 219 is divided by w?
27
Suppose 648 = 5*q - 512. Suppose 2*u = -5*g + q, -3*g = 4*u - 0*g - 436. What is the remainder when u is divided by 36?
34
What is the remainder when (5 + 4 - -4) + 3 is divided by 3?
1
Let p = -150 - -117. Let l = p - -44. Calculate the remainder when 49 is divided by l.
5
Let a be 6/(-15) - 53/5. Let p(h) be the first derivative of h**3/3 + 5*h**2 + 4*h - 4. What is the remainder when 59 is divided by p(a)?
14
Let g(n) = 121*n + 1289. Calculate the remainder when g(-8) is divided by 14.
13
Let j(a) = a**2 + 40*a - 412. What is the remainder when 19*(-9)/((-9)/3) is divided by j(9)?
28
Let f = 290 + -429. Let r = f + 148. Calculate the remainder when r is divided by 2.
1
Calculate the remainder when ((-88)/40)/(3*3/(-5715)) is divided by 70.
67
Suppose -5*u = -4*u - 2*l - 9, -3*l = -4*u + 46. What is the remainder when 270 is divided by u?
10
Let r be (-1 - -1*(3 + 3))/1. Let h(b) = 3*b**3 - 6*b**2 + 9*b - 15. Calculate the remainder when h(r) is divided by 43.
40
Let y be -3*((-8 - -10) + (-16)/6). Let r(o) = -o**2 + 7*o - 3. Calculate the remainder when 90 is divided by r(y).
6
Let v = 14 - 13. Suppose 4*f + 4*q + v = 93, 0 = -5*f + q + 109. Calculate the remainder when f is divided by 5.
2
Let y = 0 - -136. What is the remainder when y is divided by 35?
31
Suppose 1499*k - 800 = 1483*k. Calculate the remainder when 247 is divided by k.
47
Let u = 1825 + -1813. What is the remainder when 549 is divided by u?
9
Let z = 5 - -7. Let w = 235 + -239. Calculate the remainder when z is divided by 10/w*8/(-5).
0
Suppose -2*a - 10 = 3*k, -3*k - 2*a = 3*a + 25. Suppose k = -d + 29 + 2. Calculate the remainder when d is divided by 8.
7
Let j(q) = -q**3 - 10*q**2 + 4. Let i be j(-10). What is the remainder when (-496)/(-12)*(i + -1) is divided by 43?
38
Suppose 0 = 4*v - 6*v - 26. Let g = 19 + v. What is the remainder when 9 is divided by g?
3
Suppose n + 582 = 7*n. Let y = 25 + 24. What is the remainder when n is divided by y?
48
Suppose 4*n - 12 = -p, 0 = 3*n - 7*n - 2*p + 8. Calculate the remainder when 13 is divided by 2*(2 - -10)*n/12.
5
Suppose -5*m + 70 + 20 = -3*s, -3*s = 3*m - 54. Calculate the remainder when m is divided by 14.
4
Let m = 158 - 134. Suppose -2*u + 3*u - 5 = 0. Suppose -37 = -0*x - 4*x + u*v, -4*x = 2*v - 58. What is the remainder when m is divided by x?
11
Let b = 117 - 76. What is the remainder when (-2)/(6/(-15)) - -75 is divided by b?
39
Let y = -8 + 15. Suppose y*w - 70 = 217. Suppose -5*t = -q - 3*t + w, 4*q - 5*t = 149. What is the remainder when 121 is divided by q?
28
Suppose -2*k - 5 = -k, 3*k = -3*c + 156. Calculate the remainder when 394 is divided by c.
52
Let w(d) = d + 45. Let q be (22/48 + 6/(-48))*21. What is the remainder when w(q) is divided by 27?
25
Let a be (1/3)/((-16)/(-192)). Let f(p) = 2*p - 5. Let j be f(a). Suppose w - j*w = -18. What is the remainder when 15 is divided by w?
6
Suppose 141*f + 20 = 145*f. What is the remainder when 88 is divided by f?
3
Let t be (-2 + -67)*1*-1. Suppose -480 = -31*r - 9*r. Calculate the remainder when 4/6*t/2 is divided by r.
11
Let p = 101 - 52. What is the remainder when p is divided by 9?
4
Let d(m) = 2*m**2 - 30*m + 79. Calculate the remainder when d(15) is divided by 2.
1
Let g = 6 - 4. Let w(v) be the third derivative of v**4/24 - v**3/6 + v**2 - v. What is the remainder when w(g) is divided by 1?
0
Suppose 5*z + 4*l = 3*z + 44, -3*z - 4*l = -64. Let i(t) = 3*t**3 + 35*t + 32 - 15*t**2 - 6 - 2 - 4*t**3. Calculate the remainder when z is divided by i(-17).
6
Let p = -45 - -133. What is the remainder when p is divided by 45?
43
Let y = -31 + 33. Suppose 2*w + y*w + 3*o = 50, 0 = 5*o + 10. Calculate the remainder when 24 is divided by w.
10
Let y(d) = -2 + 0*d**3 + 2*d**3 + 5*d + 6*d**3 - 7*d**3 - d**2. What is the remainder when y(3) is divided by 16?
15
Let q(t) = 3*t**2 + 71*t - 19. Suppose 2*z - 13 = 29. What is the remainder when z is divided by q(-24)?
1
Let b(k) = k**3 - 8*k**2 + 8*k + 14. What is the remainder when 49 is divided by b(7)?
7
Suppose 0 = 2*g - 4, g - 354 = -4*k + 2*g. Let t = -38 + 57. Suppose 0 = -5*p + 2*s + 121, p - t = 5*s + 19. What is the remainder when k is divided by p?
20
Let f(x) = 106*x - 745. What is the remainder when f(10) is divided by 153?
9
Let o(d) = -2*d**3 - 3*d**2 + 1. Let j be o(-2). Suppose 0*c + 100 = j*c. What is the remainder when 37 is divided by c?
17
Let x(t) = -t**3 - t**2 + 2*t. Let i be x(0). Suppose 2*c = 4*c + k + 91, -3*c - 2*k - 136 = i. Let v = -26 - c. What is the remainder when 58 is divided by v?
18
Let d(w) = -w + 7. Let r be d(7). Suppose 9*z + r*z - 27 = 0. What is the remainder when z is divided by 1?
0
Let o = 18 - 2. Suppose 12*c - 53 = 67. Suppose -k - c = -39. Calculate the remainder when k is divided by o.
13
Let d = -155 - -459. Calculate the remainder when d is divided by 101.
1
Suppose -72 = -2*y - 2*y. Let d(s) = -s**2 - 15*s + 5. Let x(o) = -1. Let a(p) = d(p) - 4*x(p). Calculate the remainder when a(-11) is divided by y.
17
Let m = 699 + -464. What is the remainder when m is divided by 40?
35
Suppose f + 13 = -f - p, -2*f = 2*p + 12. Let z = f - -6. Calculate the remainder when 29 is divided by (-1)/(z*2/20).
9
Let c be 1/3*135/3. Suppose 10 = 5*a - c. Let k(m) = -m**3 + 9*m**2 - 8*m + 6. What is the remainder when k(8) is divided by a?
1
Let b(q) = 3*q**2 + 2*q - 1. Let w be b(1). Suppose -2*c - 2 = 3*z + 2, -w = 2*c. Suppose z = -3*h - 0*h + 312. What is the remainder when h is divided by 35?
34
What is the remainder when 41 is divided by 82/7 - 4*(-2)/28?
5
Suppose 0 = -201*n + 189*n + 156. What is the remainder when 305 is divided by n?
6
Suppose 4*m + 0*m - 8 = 0. Let r(h) = h**3 - h**2 - 2*h + 3. Let d be r(2). Suppose d*l + m*l = 65. Calculate the remainder when 37 is divided by l.
11
What is the remainder when ((-346)/(-6))/(3/(-198)*-11) is divided by 27?
22
Suppose 3*l - 2*c + 2 = -c, 5*l = 4*c - 1. Let v(q) = 140*q**2. Let d be v(l). Suppose -d = -3*u - 2*u. Calculate the remainder when u is divided by 10.
8
Let i be (-105)/(-33) + (-8)/44. Let h = 49 - 9. Suppose -i*m - h = -8*m. Calculate the remainder when 30 is divided by m.
6
What is the remainder when 2/(-10) + 9/(-90)*-582 is divided by 24?
10
Let b be ((-297)/(-66))/(1*(-1)/(-30)). Suppose 5*y + 194 = 4*r - b, 3*y = 3*r - 246. Calculate the remainder when r is divided by 21.
18
Suppose -3*h - 4*v = -413 + 58, h - 4*v - 113 = 0. Let w = -65 + h. Suppose -3*g + 61 = 7. Calculate the remainder when w is divided by g.
16
Let f(y) = 16*y**2 + 13*y - 4. Let j(u) = 8*u**2 + 7*u - 2. Let s(d) = -2*f(d) + 5*j(d). What is the remainder when s(-4) is divided by 13?
12
Let f = 2030 - 2004. Calculate the remainder when 112 is divided by f.
8
Suppose q = -5*u + 1364, 4*u + 280 = 5*q - 6656. Suppose -204 + q = 4*a. Suppose 6*f - a = f. Calculate the remainder when f is divided by 15.
14
Let m(s) = s**3 + 3*s**2 + 2*s + 2. Let r be m(-3). Let t be 207/r - (-27)/36. Let x = 11 - t. Calculate the remainder when x is divided by 13.
10
Suppose 2237 = 20*w - 2043. What is the remainder when w is divided by 18?
16
Let p = 21 + -24. Let x(m) = 5*m**2 - m - 2. What is the remainder when x(p) is divided by 8?
6
Suppose 5*f = 4*o + 60, -3*o + 29 = 3*f - 4*o. Suppose -16 - f = -2*j. What is the remainder when (-92)/(-1*(0 + 2)) is divided by j?
10
Let b = 11 - 9. Suppose v = b*g - 34, -2*g + 3*v = -0*g - 30. Suppose 4*o + 2*n - 267 = -n, 4*o = 3*n + 285. Calculate the remainder when o is divided by g.
15
Let r(x) = 26 + 2*x**2 - 7 - 8 - 4*x - 10. Let w be 1/(1/(-6)*-2). Calcula